g) = 0 - 5 - k*g - g**2 + 3. Calculate w(-3).
-5
Let g(a) = -a**2 - 5*a + 3. Suppose 3*h + 12 + 3 = 0. Determine g(h).
3
Let h(q) = q**2 + 5*q + 6. Suppose 0 = -5*o - 7*m + 2*m - 50, -30 = o + 5*m. Calculate h(o).
6
Let y(v) = -v**2 + 8*v - 1. Let s be y(8). Let o(u) = -5*u**3 - 2*u**2 - 2*u - 1. Calculate o(s).
4
Suppose -1 = 5*q - 21, -2*w = -2*q + 16. Let j(p) = p - 5. Let l(k) = -2*k + 8. Let c(o) = 8*j(o) + 5*l(o). What is c(w)?
8
Let a = -2 - 3. Let k(y) = -y - 3. Let w be k(a). Let m(o) = 4*o**2 + 0*o - 6*o**2 + o**2 - o. What is m(w)?
-6
Let v(p) = 3*p. Suppose z - 22 = -3*f, -5*z = -5*f + 12 - 2. Suppose -3 - f = 3*n. Calculate v(n).
-9
Let g(d) = 2*d**3 + d**2 + d + 1. Suppose -y - 5*w - 14 = 0, -6*y = -4*y + w + 1. Let s be y - (2 - 0) - -1. Suppose -b + 2 - 3 = s. Give g(b).
-1
Let m = -45 + 41. Let l(y) = 4*y**3 - 11*y - 9. Let d(u) = -5*u**3 - u**2 + 12*u + 10. Let p be -1 - 4/1*1. Let j(c) = p*d(c) - 6*l(c). Calculate j(m).
-4
Suppose 2 + 0 = -4*v + 2*l, 0 = 2*v + l + 3. Let r(b) = -7*b + 1. Give r(v).
8
Let n(k) = -1 - 3*k**2 - 1 + k + k**3 + 4*k**2 + 3*k**2. Determine n(-4).
-6
Let d(k) = -4*k - 3. Let h(t) = -5*t - 3. Let w(c) = 4*d(c) - 3*h(c). Determine w(-4).
1
Let q(r) = -r**3 + 2*r**2. Let j be q(2). Let i(l) = 4 + 0 - 1 - 2 - 3*l. Let a(s) = 4*s - 2. Let d(n) = 4*a(n) + 5*i(n). What is d(j)?
-3
Let c(g) = g**3 + 5*g**2 - 4*g + 6. Suppose 0*j + 3*j = 0. Suppose 0 = -j*u + 3*u + 18. What is c(u)?
-6
Let x(a) = a**3 + 6*a**2 + 8*a + 3. Let k be 3 - (7 - 3) - (-8)/(-2). Give x(k).
-12
Suppose -u - 2*j + 1 = 7, 3*j + 18 = 3*u. Let x(m) = -8*m - 7*m**2 - m - u + 3 - m**3 - 4. What is x(-6)?
15
Let p(m) = -m**2 - 7*m - 9. Let k(r) = r - 8. Let z(d) = d - 8. Let y(q) = -5*k(q) + 4*z(q). Let x be y(0). Let h = x - 14. Determine p(h).
-3
Let t(p) = 2*p**2 + 2*p - 1. Let j be 5 + 1 + -2 - 3. What is t(j)?
3
Let q(h) = -9*h**2 + 1. Let g be 4/(-20) - (-18)/15. Determine q(g).
-8
Let d(s) = -12*s + 11*s - 4 - 5. Determine d(0).
-9
Let r(n) = -9*n**2 + n + 4. Let o(l) = -4*l**2 + 2. Let v(m) = -5*o(m) + 2*r(m). Let g be v(-2). Let s(k) = 2*k**2 - 2. Determine s(g).
6
Let w(q) = q**2 + 2*q + 1. Let p(o) = -o**2 - 7*o + 12. Let a be p(-9). Let x(s) = -s**2 - 2*s - 1. Let f(k) = a*x(k) - 5*w(k). Calculate f(-4).
9
Suppose -5*b + 4 = -b. Let d = b - 0. Let s(n) = -6*n**3 + 6*n - 6*n + 1. Calculate s(d).
-5
Let t be (4/(-5))/(5/(-150)). Suppose 2*m + t = 5*v, -5*v + 22 = -2*v - 5*m. Suppose 0 = -v*f + 6*f - 10. Let l(p) = p**3 - 6*p**2 + 4*p - 1. What is l(f)?
-6
Suppose -3 = 2*o - 13. Suppose -3*i - o = 4. Let c(y) = 6 - 3 + 0*y + 6*y - 3*y**2 - 4*y - y**3. Determine c(i).
-3
Let z(r) = r**3 + r**2 + r + 2. Let h be z(0). Suppose h*y + 23 = 15. Let b(j) = -2*j - 6. Determine b(y).
2
Let q(h) = -h - 4. Let t(k) = -k - 1. Let u(p) = q(p) - 2*t(p). Determine u(-5).
-7
Let a be (-1 + 2)*(-4 + -3). Let i(n) = -n**2 - 7*n - 6. Determine i(a).
-6
Let z(l) be the second derivative of -l**3/6 + 2*l + 15. Determine z(1).
-1
Let j(v) = -1 - 1 - 8*v**2 + 122*v**3 - 123*v**3. Let r = 16 - 24. Determine j(r).
-2
Suppose t = 4*x - 2*x - 6, -4*x = 2*t + 12. Let v = -6 - t. Let h(n) = -n + 6. Calculate h(v).
6
Let v(r) = -8*r + 13. Let w(u) = -7*u + 12. Let f(i) = -6*v(i) + 7*w(i). Suppose -5*o = -3*o - 6. Suppose 0 = -0*d - 2*d - 3*a + 12, 18 = 4*d + o*a. Give f(d).
3
Let r(i) = -i**3 - 2*i**2 + i - 1. Let d(s) = s**2 - 7*s - 2. Let c be d(7). What is r(c)?
-3
Let a(n) be the first derivative of -n**4/4 - 8*n**3/3 - 7*n**2/2 - 4*n - 3. Give a(-7).
-4
Let m(z) = -2*z - 29. Let k be m(-13). Let a(h) = -2*h. Determine a(k).
6
Let h(v) be the first derivative of -v**3/6 + v - 3. Let x(j) be the first derivative of h(j). Give x(2).
-2
Let t(c) = -c**3 + 3*c**2 - 2*c + 2. Let f be t(3). Let b(z) = 1 + 4*z**2 - 12*z**3 + 13*z**3 + 5*z - 5*z. Give b(f).
1
Suppose -3*g + 40 = 4*j + 2*g, -2*j + g + 20 = 0. Let t be (j/(-15))/(2/(-12)). Let u = 5 - t. Let w(s) = 7*s - 1. Calculate w(u).
6
Suppose 4*r - 8 = 5*z, 3*r + 2*z + 2*z = 6. Let f(x) = 2*x**2 - 4*x + 3. Determine f(r).
3
Let d(y) = y**3 + 7*y**2 + 6*y - 1. Let b(t) = -t**3 - 2*t**2 - 3*t. Let u be b(-3). Suppose 2*f = 3*j - u, 7*j - 2*j = 5*f + 40. Calculate d(f).
-1
Let d(y) = 0 - 3*y + y**2 + 3 - 2*y**3 + 3*y**3. Suppose x - 3*g = -g - 1, 0 = -3*x - 2*g + 13. Let c be -1*6*x/6. What is d(c)?
-6
Suppose 0*y + y + 2*g = -8, -5 = g. Let w(m) = -2*m**2 + m**3 - 1 - 3*m**y + 0 - 6*m. Let q = 19 + -13. Give w(q).
-1
Let u = -18 + 9. Let l(x) be the second derivative of x**5/5 - 2*x**3/3 + 13*x**2/2 - 3*x. Let k(v) = v**3 - v + 3. Let f(z) = u*k(z) + 2*l(z). Determine f(2).
-7
Let n be (-16)/6*(-3)/2. Suppose -2*i - 4 = -n*i. Let v(c) = -3*c + 3. Let l(w) = -3*w + 2. Let s(d) = 4*l(d) - 3*v(d). Calculate s(i).
-7
Suppose 5*k + 2*i = 30, 2*k = 3*k + i - 9. Let w(m) be the second derivative of -2/3*m**3 - 1/12*m**k + 2*m + 2*m**2 + 0. Calculate w(-5).
-1
Suppose 5*g = -5*i + 10, 0 = 3*g - g - 4*i + 26. Let n be (-6)/(6/g*-1). Let f(p) = 0*p + p**3 + p - 2*p**3 + 2 - 3*p**2. Determine f(n).
-1
Let o(v) = -4 + 4 + v**2. Let a(g) = 2*g**2 + 4*g - 2. Let d(m) = a(m) - 3*o(m). Let z be -2*(-3)/(24/20). Calculate d(z).
-7
Let n(c) = 2*c - 26. Let v be n(13). Let q(w) = w + 1. Determine q(v).
1
Suppose -3*k = k - 12. Suppose -5*a - r + 123 = 3, 0 = 2*a - 2*r - 60. Suppose -5*y - 15 = -2*b, -b + 3*y + a = -k*b. Let h(g) = -2*g - 5. Determine h(b).
5
Let q(p) = -9*p - 9. Let k(x) = 4*x + 4. Let c(u) = 7*k(u) + 3*q(u). Suppose 3*s + 4*h + 2 = 0, -s = 3*s + 2*h + 6. Let j = 1 - s. Give c(j).
4
Let n(b) = 12 - 6 + b - 9 - b**2. Calculate n(-3).
-15
Let d(v) = -v**2 + 4*v + 7. Let r be (2 + -4)/((-2)/(-5)). Let p be ((-2)/r)/((-1)/(-5)). Suppose -p*s + 2 + 8 = 0. Calculate d(s).
2
Let l(j) = -12*j + 5. Let d(o) be the second derivative of 4*o**3/3 - 3*o**2/2 - 3*o. Let k(x) = 8*d(x) + 5*l(x). Give k(2).
9
Let n(f) = -f**3 - f**2 - f. Let l be n(0). Suppose -3*q = -q, l = 5*i - 5*q + 5. Let d(o) = -7*o**3 - o**2 + 1. What is d(i)?
7
Let c(t) = -t**2 + 7*t + 5. Let j be c(7). Let w be j/((-5)/(-2))*1. Let i(r) = -2 + w*r**3 + 0*r**3 + r**2 + r - 2*r - r**3. Determine i(-2).
-4
Let w(i) = i**3 - 2*i**2 - i + 3. Let r be w(0). Let s(v) be the third derivative of v**4/24 - v**3/2 - 2*v**2. What is s(r)?
0
Let w(y) be the second derivative of 11*y**3/6 - 5*y**2/2 - y. Let f(c) = -4*c + 2. Let h(o) = -8*f(o) - 3*w(o). Determine h(-3).
2
Suppose 2*g = 2 + 4. Let s be (-2)/3 - (-1064)/(-24). Let r be ((-2)/g)/(10/s). Let p(f) = 2*f - 4. Calculate p(r).
2
Let g(x) = 3*x - 2*x + x. Let r(w) = 6*w. Let q(c) = 14*g(c) - 4*r(c). Let p be (0 - -1)*(-1)/1. Determine q(p).
-4
Let p(n) be the first derivative of -n**4/4 - n**3 - n**2/2 + 2*n + 1. Let d(l) = -3*l - 18. Let s be d(-5). Give p(s).
5
Let p(u) = -9*u**3 - u**2 + 1. Let d = -2 - -1. Determine p(d).
9
Let b(z) = 4*z**2 + 13 - 5 - 3*z**2. Suppose 0*q - 4 = c - q, -2*c + 4*q - 16 = 0. Calculate b(c).
8
Suppose 26 = -4*z + 3*x - 33, -5*z - 3*x = 40. Let j = z - -6. Let n = 7 + j. Let y(r) = 4*r. Determine y(n).
8
Let s(g) = 66*g - 30*g - 6*g**2 - 37*g. Let m be ((-1 - 1) + 1)*1. Determine s(m).
-5
Let y(u) be the first derivative of u**4/4 + u**3 + u**2 + 4*u + 7. What is y(-3)?
-2
Let w(b) = 5*b**3 - b - 1. Suppose -u - 3*u + 25 = -5*d, -4*d = -5*u + 20. Let q = 9 - u. Let x = 8 - q. Give w(x).
-5
Let k(z) = z + 4 - 4 + 4. Let t = 1 + -4. Determine k(t).
1
Let c(k) be the third derivative of -k**6/120 - k**5/10 - 5*k**4/24 - k**3/3 + 24*k**2. What is c(-5)?
-2
Let a(g) = g - 1. Suppose 2*q = -2*c - 0*c - 10, 15 = -4*c + q. Give a(c).
-5
Let m(d) = -d**2 + 3*d + 2. Let j(w) be the second derivative of -3*w**5/20 - w**3/6 - 3*w. Let h be j(-1). Give m(h).
-2
Let h(m) be the second derivative of -m**3/6 - 9*m**2/2 + 2*m + 12. Calculate h(-8).
-1
Let j = 49 - 43. Let m(o) be the second derivative of -o**4/12 + 7*o**3/6 + o**2/2 - o. Calculate m(j).
7
Let x(t) = -2*t + 3. Let k(m) = 7*m - 73. Let w be k(11). Determine x(w).
-5
Let p(f) = -f + 2. Let i(q) = -q**3 - 8*q**2 + 9*q + 4. Let h be i(-9). Determine p(h).
-2
Suppose 2*v - 5*o = 4*v - 12, 5*v - 30 = 2*o. Let x be (-2)/3*v/4. Let f(a) = -8*a. Give f(x).
8
Let z(g) = -1 - 1 + g + 0. Let x(c) = c - 1. Let b be x(6). Suppose -11 = -3